 of 3?
False
Let s(w) = -w**2 - 7. Let o be s(5). Let a = o - -62. Does 30 divide a?
True
Suppose -15 = -3*q, -u - 95 - 5 = q. Let r = -45 - u. Is 13 a factor of r?
False
Suppose -30 = -u + 6*u. Let l be (-4)/6 + (-16)/u. Suppose -70 = -4*a - h, -a - h = l*a - 52. Is a a multiple of 12?
False
Let c(v) be the third derivative of v**6/120 + v**5/30 - v**4/12 + 6*v**2. Is 14 a factor of c(3)?
False
Let i = 23 + -21. Let o be 0 - 1*(-3 + 2). Is i*17 + -3 + o a multiple of 16?
True
Suppose 0*c + 4*v = -2*c - 4, 29 = 5*c - 3*v. Let w(y) be the first derivative of 2*y**3/3 - 3*y**2 + y + 2. Is w(c) a multiple of 9?
True
Is 13 a factor of (-134)/(-2) + (-6)/(-6)?
False
Suppose 5*a = 5*n - 50, 0 = n - 3*n - a + 5. Suppose -2*i - n*d = 697, 0*d = -i - 2*d - 347. Is i/(-7) + (-2)/(-7) a multiple of 17?
False
Let n = 59 + -40. Is n a multiple of 3?
False
Let p(h) = h**2 - 7*h + 16. Does 3 divide p(7)?
False
Let w(i) = 11*i - 7. Suppose 2 = -y + 7. Let u be w(y). Suppose 2*v = -2*v + u. Is 12 a factor of v?
True
Let l(b) = 13*b**3 - 4*b**2 + 3*b - 2. Is l(2) a multiple of 4?
True
Let z(p) = 3*p - 4. Is z(2) even?
True
Let c(h) be the second derivative of h**4/12 + h**2/2 - 4*h. Is 29 a factor of c(8)?
False
Let s(q) = q + 14. Is s(-6) a multiple of 2?
True
Suppose -11*h + 767 = 283. Is 44 a factor of h?
True
Suppose -5*i = 0, 0*z - 132 = -z + i. Is z a multiple of 13?
False
Suppose -1 = c - 5. Suppose 4 = -0*w - 2*w, 200 = 2*m - c*w. Is 25 a factor of m?
False
Let t = -2 - -2. Suppose -4*p + 0*p = t. Suppose 0 = 5*m - p*m - 155. Is 12 a factor of m?
False
Suppose -3*x + 20 = x. Suppose -4*j - x*b + 261 = 0, -57 = -5*j + 2*b + 261. Suppose -j = -p - 3*p. Is 8 a factor of p?
True
Let x(p) = -p**3 - 4*p**2 + p. Suppose -n - 8 = -0*n. Let z be ((-10)/n)/(3/(-12)). Does 16 divide x(z)?
False
Does 12 divide 1188/(-231)*(-28)/3?
True
Let t(c) = 59*c - 4. Let j be t(2). Suppose -p - l + 5*l = -12, -5*p = -2*l - j. Does 12 divide p?
True
Suppose -297 = -8*f + 5*f. Is f a multiple of 33?
True
Suppose 0 = -4*r - 2*o - 18, r + 3 = -0*o - 2*o. Let u be (-19)/(-5) - 1/r. Suppose -4*f + z = -0*f - 66, u*f = -4*z + 76. Is f a multiple of 6?
False
Suppose -4*k - 2 = f + 1, -3 = f. Is (1 + k)*(-189)/(-7) a multiple of 9?
True
Let n(s) = s + 1. Let j be n(2). Suppose -2*u + a = -j - 12, 2*a - 6 = 0. Is 9 a factor of u?
True
Let q = -10 - -12. Is q even?
True
Let v = -8 - -11. Suppose 3*m = m + 4. Suppose -2*a + 219 = m*a + v*k, 2*a - k - 107 = 0. Is 22 a factor of a?
False
Suppose 9*o = 11*o - 120. Is o a multiple of 15?
True
Let f = 1 + 1. Suppose -9 = -f*u - u. Suppose -53 = -u*w + 49. Is w a multiple of 12?
False
Let a(s) = -17*s - 10*s + s + 4*s. Let v be a(-3). Suppose 2*n + n = v. Is 22 a factor of n?
True
Let h = -38 - -160. Suppose j + j = h. Is j a multiple of 13?
False
Let y(p) = -p**3 + 4*p**2 - 2*p - 3. Let x be y(4). Let r(w) be the third derivative of -w**4/24 + 13*w**3/6 + w**2. Is r(x) a multiple of 8?
True
Let b(s) = -2 - s + 2*s**2 + s**3 - 2*s**2. Does 11 divide b(3)?
True
Let a(h) = 2*h**2 + 4*h + 8. Suppose t + 4*t = -4*n - 26, -6 = n + t. Is a(n) a multiple of 4?
True
Let k(h) = 6*h**3 + h + 1. Let j be k(-1). Does 2 divide 15/j*(-36)/15?
True
Let c = 0 - -17. Is c a multiple of 7?
False
Let i(u) = 11*u**2 + 5*u - 2. Is 25 a factor of i(2)?
False
Let r(a) = -11*a - 2. Does 7 divide r(-2)?
False
Is -1 - (-3 + 20)/(-1) a multiple of 3?
False
Suppose -o - 3*o - 1 = -3*r, -r = 2*o - 7. Suppose 0 = o*m + 6, -3*f = -0*f - 2*m - 105. Is f a multiple of 11?
True
Suppose 5*o + 2*x + 30 = 0, 0*x = -2*o + 4*x + 12. Let t = 7 + o. Suppose 3*c - 2*y = 30, -t*c - y = 2*y - 30. Does 10 divide c?
True
Let f = -270 + 391. Is f a multiple of 16?
False
Suppose -3*u - u + 16 = 0. Suppose -4 = -u*x + 4. Is 13 a factor of 12*x*(-4)/(-4)?
False
Suppose 0 = -5*l + 9 + 26. Is 4 a factor of l + (-1)/2*2?
False
Let y(i) = -i**3 - 5*i**2 + 3. Let b be y(-5). Suppose 4*v = -b*l + 86, v + 5*l = -0*v + 30. Is 20 a factor of v?
True
Does 19 divide 19*((-6)/(-3) - 1)?
True
Let b = -2 + 4. Suppose -5*z = -2*n + 1, 4*n = 3*z - 2 - 3. Is 2 a factor of b/z*1*-1?
True
Suppose 3*h + 5*t - 19 - 15 = 0, -5*t + 28 = h. Suppose h*d + 0*d - 18 = 0. Is 8/(-12) - (-100)/d a multiple of 8?
True
Let s(w) = -6*w - 5. Let j(r) = 3*r**3 + r. Let z be j(-1). Does 14 divide s(z)?
False
Let b(u) = u + 9. Let w be b(-8). Let t be ((-3)/(-3) - 1)*w. Suppose t*j + 5*j + 91 = 3*x, 3*j + 103 = 4*x. Is 11 a factor of x?
True
Suppose -f + 3*a - 5*a = -212, -686 = -3*f + 4*a. Does 37 divide f?
True
Suppose -f = 5*o - 178, 4*o - 5*f - 152 = -f. Let b(c) = c**2 - 8*c - 9. Let a be b(9). Suppose 4*z - o + 4 = a. Does 8 divide z?
True
Let s be (-11)/(-1) - (18 - 21). Suppose 0 = 17*v - s*v - 189. Is v a multiple of 13?
False
Let j(g) = -g. Does 7 divide j(-7)?
True
Let t(n) = 39*n**2 + 2*n + 3. Let s be t(3). Suppose -3*l + s = 2*l. Let u = l + -37. Is 20 a factor of u?
False
Let q(d) = 5*d + 7. Let k(a) be the third derivative of a**4/24 + 3*a**2. Let z(j) = 2*k(j) - q(j). Is 14 a factor of z(-7)?
True
Suppose 3*q = 4*x - 45, 0 = -x + 5*q - 2*q + 9. Let t(d) = 4*d - 18. Does 6 divide t(x)?
True
Suppose 4*p = g - 36, 43 - 16 = -3*p - 2*g. Let v(w) = -w**3 - 10*w**2 - 8*w + 13. Does 3 divide v(p)?
False
Suppose -9 - 3 = -2*l. Does 6 divide l?
True
Let j = 18 - -45. Is 9 a factor of j?
True
Let k(g) = -79*g**2 - g - 1. Let w be k(-2). Does 21 divide w/20*(-5 + 1)?
True
Suppose 2340 = 13*i - 4*i. Is i a multiple of 20?
True
Suppose -2*n - 20 = -7*n. Suppose n*s - 4 = 40. Is s a multiple of 5?
False
Let p be -2 - (-3)/3 - 4. Let m be (-6)/p - (-1)/(-5). Let y = 5 - m. Is 4 a factor of y?
True
Let m be (-21)/(-6) + 2/(-4). Suppose g + m = 7. Suppose g*n - 24 = 12. Is 6 a factor of n?
False
Let z(x) = -4*x - 12. Let g be z(-9). Let p(y) = g*y + 0 - 2 + 3. Is 23 a factor of p(1)?
False
Let d(h) = -h**3 - 2*h**2 - 3*h - 1. Let t be d(-2). Let f(j) = t*j - 4*j**2 + 4 + 1 - j**3 - 1. Is 4 a factor of f(-5)?
True
Let r(o) = 3*o - 1. Let b(v) = 4*v - 2. Let h(y) = 4*b(y) - 5*r(y). Let s be h(6). Suppose -n - f + 52 = 0, 3*n - 157 = f - s*f. Does 20 divide n?
False
Suppose 3*v - 1004 = -191. Does 40 divide v?
False
Suppose 0 = 5*m - 702 - 3533. Does 15 divide m/55 - 4/10?
True
Suppose q - 4 = -0*q. Let b be (-12)/(-18)*30/q. Suppose 0 = c - b*c + 52. Is c a multiple of 10?
False
Suppose -5*h = q - 0*q + 130, h + 26 = -4*q. Does 20 divide 4/h + (-262)/(-13)?
True
Let b be 1/4 + 93/12. Suppose b*f - 75 = 5*f. Is 13 a factor of f?
False
Let p = 0 + -2. Suppose 0 = -2*f - 2*f + 32. Does 16 divide p/f + (-435)/(-12)?
False
Let h(b) = 34*b**3 - b**2 - b + 1. Let u(c) = c**2 + 11*c + 1. Let w be u(-11). Does 13 divide h(w)?
False
Suppose 0 = -k + 2*j + 3, 2*k + 5*j - 4 - 2 = 0. Suppose c = k*x - 41, 74 - 4 = 5*x - 2*c. Is 10 a factor of x?
False
Let s be ((-18)/(-8))/((-9)/(-48)). Suppose y = -2*y + l + s, -3*l - 6 = y. Is y a multiple of 3?
True
Let n(h) = -h + 1. Let w = -2 + 1. Let r(k) = -5*k + 8. Let q(l) = w*r(l) + 4*n(l). Is 2 a factor of q(7)?
False
Is (-4)/(16/4) - (-32 + 1) a multiple of 10?
True
Let g(q) = q**3 + 14. Is g(0) a multiple of 7?
True
Let i(z) = z**3 + z**2 + 1. Let d be i(-2). Let x = 1 + d. Is 18 a factor of (-91)/x - 6/4?
False
Suppose -4*p + 666 = 2*b, 2*b - 5*b = -15. Is p a multiple of 41?
True
Let r(l) = l**3 + 13*l**2 + 21*l - 4. Does 16 divide r(-9)?
False
Let f(t) = -7*t - 5. Let z(h) = -10*h - 7. Let k(d) = 7*f(d) - 5*z(d). Suppose 3*g = 2*p - 6, 9*p + 4*g - 15 = 4*p. Is k(p) a multiple of 2?
False
Let d be (6 - 9) + 0 + -2. Does 32 divide (340/d)/(-3 - -1)?
False
Let r = 2 - 4. Let z = 17 + -18. Does 7 divide 10 + r/2 + z?
False
Let x(h) be the second derivative of -h**5/20 + h**4/12 + h**3/3 + 3*h**2/2 - 3*h. Is 11 a factor of x(-2)?
True
Let y(f) = 5*f. Let b be y(1). Let v(w) = 5*w - 4. Let x be v(b). Suppose -57 = -5*d - 4*h, 2*h - x = -d - 2*h. Is 9 a factor of d?
True
Suppose 5*u = u - 256. Let x = -16 - u. Is 24 a factor of x?
True
Let h be (-9)/(-4) + 3/(-12). Suppose -3*w + 43 = h*w + 2*z, 5*w - 3*z - 23 = 0. Is 7 a factor of w?
True
Suppose -i + 1 = -0. Suppose -2*p - 45 = 3*p. Let v = i - p. Does 10 divide v?
True
Suppose 10*u - 5*u = -3*h + 36, 0 = 5*u + 15. Suppose 28 = 5*s + 88. Let a